{"id":36,"date":"2014-09-25T10:15:58","date_gmt":"2014-09-25T08:15:58","guid":{"rendered":"http:\/\/finearts-larsnoah.de\/?page_id=36"},"modified":"2014-09-25T10:51:53","modified_gmt":"2014-09-25T08:51:53","slug":"sehr-ernste-themen","status":"publish","type":"page","link":"http:\/\/finearts-larsnoah.de\/?page_id=36","title":{"rendered":"Sehr ernste Themen"},"content":{"rendered":"<p>Lieber Besucher,<\/p>\n<p>bevor Sie diese Bilder\u2013Kategorie \u00f6ffnen, m\u00f6chte ich Sie darauf aufmerksam machen, dass der Inhalt m\u00f6glicherweise unangenehme Gef\u00fchle wecken kann. Die Thematik befasst sich mit Eindr\u00fccken, welche ich bei meinen beruflichen T\u00e4tigkeiten im Bestattungswesen sowie in der Notfallseelsorge gesammelt habe. Sicherlich wird die Frage gestellt werden: muss man denn so etwas darstellen, man kann doch auch sch\u00f6ne Dinge malen und zeichnen?!<\/p>\n<p>Diese Frage ist nat\u00fcrlich berechtigt. In Anbetracht dessen, dass Kunst immer eine Form des Ausdrucks ist, und der Mensch nicht nur positive Gef\u00fchle und Eigenschaften in sich tr\u00e4gt, welche er ausdr\u00fccken m\u00f6chte, habe ich mich entschlossen, auch einige dieser Bilder zu zeigen. Denn wenn all die sch\u00f6nen Dinge im Leben ihre Berechtigung als Kunstmotive haben, so gilt gleiches auch f\u00fcr die h\u00e4sslichen Dinge im Leben. Die Arbeiten sind anlehnend an die Kunstrichtungen &#8222;Verismus&#8220; und &#8222;Die neue Sachlichkeit&#8220; unter deren Vertretern zBsp. Otto Dix, mit seinen Bilder &#8211; Zyklen &#8222;Krieg&#8220; oder &#8222;Eros und Tod&#8220; zu benennen ist.<\/p>\n<p>Der Sinn dieser Bilder liegt nicht darin, den Betrachter abzuschrecken. Vielmehr sollen sie daran erinnern, wie kostbar unser Leben ist und wie schnell es vorbei sein kann. Aber auch wie schnell wir uns nahe stehende Menschen verlieren k\u00f6nnen. Somit kann sich ein jeder selbst \u00fcberlegen, ob er die Zeit mit seinen N\u00e4chsten in Zank und Streit verbringt oder in gegenseitiger Achtung und Anteilnahme.<\/p>\n<p>Auf eine fotorealistische Zeichentechnik habe ich verzichtet und mich f\u00fcr aquarellierte Federzeichnungen entschieden.<\/p>\n<p><strong>Sollten Sie f\u00fcr das Thema Tod und Leid nicht offen sein, so bitte ich Sie, auf das Betrachten dieser Bilder zu verzichten.<\/strong><\/p>\n<p>Wenn Sie diese Bilder sehen m\u00f6chten, klicken Sie bitte auf folgenden <a title=\"Sehr ernste Themen\" href=\"http:\/\/finearts-larsnoah.de\/?page_id=256\"><strong>Link<\/strong> <\/a>und geben Sie <strong>anzeigen<\/strong> als Passwort ein.<\/p>\n<p>Lars Noah<\/p>\n","protected":false},"excerpt":{"rendered":"<p>Lieber Besucher, bevor Sie diese Bilder\u2013Kategorie \u00f6ffnen, m\u00f6chte ich Sie darauf aufmerksam machen, dass der Inhalt m\u00f6glicherweise unangenehme Gef\u00fchle wecken kann. Die Thematik befasst sich mit Eindr\u00fccken, welche ich bei meinen beruflichen T\u00e4tigkeiten im Bestattungswesen sowie in der Notfallseelsorge gesammelt habe. Sicherlich wird die Frage gestellt werden: muss man denn so etwas darstellen, man kann [&hellip;]<\/p>\n","protected":false},"author":1,"featured_media":0,"parent":0,"menu_order":0,"comment_status":"closed","ping_status":"closed","template":"","meta":{"ngg_post_thumbnail":0,"footnotes":""},"class_list":["post-36","page","type-page","status-publish","hentry"],"_links":{"self":[{"href":"http:\/\/finearts-larsnoah.de\/index.php?rest_route=\/wp\/v2\/pages\/36","targetHints":{"allow":["GET"]}}],"collection":[{"href":"http:\/\/finearts-larsnoah.de\/index.php?rest_route=\/wp\/v2\/pages"}],"about":[{"href":"http:\/\/finearts-larsnoah.de\/index.php?rest_route=\/wp\/v2\/types\/page"}],"author":[{"embeddable":true,"href":"http:\/\/finearts-larsnoah.de\/index.php?rest_route=\/wp\/v2\/users\/1"}],"replies":[{"embeddable":true,"href":"http:\/\/finearts-larsnoah.de\/index.php?rest_route=%2Fwp%2Fv2%2Fcomments&post=36"}],"version-history":[{"count":2,"href":"http:\/\/finearts-larsnoah.de\/index.php?rest_route=\/wp\/v2\/pages\/36\/revisions"}],"predecessor-version":[{"id":259,"href":"http:\/\/finearts-larsnoah.de\/index.php?rest_route=\/wp\/v2\/pages\/36\/revisions\/259"}],"wp:attachment":[{"href":"http:\/\/finearts-larsnoah.de\/index.php?rest_route=%2Fwp%2Fv2%2Fmedia&parent=36"}],"curies":[{"name":"wp","href":"https:\/\/api.w.org\/{rel}","templated":true}]}}